 - (2 - -7).
-6
Evaluate (2 - 5) + -2 - (-5 - -1).
-1
What is the value of (6 - -1 - -3) + -7?
3
(3 - 3) + (0 - 1)
-1
Calculate (-64 - -65) + -1 + -5.
-5
What is the value of 5 - 9 - (7 - 5)?
-6
What is the value of 8 - 1 - 2 - 9?
-4
Evaluate -6 - ((-1 - 2) + -4) - 4.
-3
What is 2 + 0 + (2 - -1 - 3)?
2
What is the value of -2 - (-4 + -4 + 10)?
-4
What is the value of 147 - 144 - (-9 + 2)?
10
What is (6 - 7 - 6 - -8) + -4?
-3
Evaluate 3 - ((9 - 15) + (4 - 0)).
5
What is (1 - 3) + (-1 - -1)?
-2
Calculate 1 + -11 - -9 - 6.
-7
What is -14 + 4 - (-5 + 2)?
-7
1 + -2 + (2 + -1 - 2)
-2
1 - (-6 + 13 - 15)
9
Evaluate (-4 - -1) + 4 - (-15 - -22).
-6
Calculate -2 + (2 - (0 - 3)).
3
Calculate -4 - (-4 - (5 + 0)).
5
Evaluate -10 - (-9 + -1) - 2.
-2
Evaluate 2 - (4 - (-3 - -6)) - 5.
-4
What is 9 + -1 - (-1 + 2)?
7
-2 + -7 - (4 + -19)
6
What is 19 + -20 + (-1 - -3 - -3)?
4
What is 4 - (-1 - (-5 + 0 + 1))?
1
1 - 8 - (-10 + 6)
-3
What is the value of -10 - ((-5 - 0) + -4)?
-1
Evaluate -3 + -2 + (61 - 55).
1
What is the value of (-3 - 5) + 0 + (-7 - -5)?
-10
What is 6 - (-1 + 4 - -9)?
-6
Evaluate -18 + 11 + (0 - -4).
-3
What is the value of (-2 - 1) + 5 + 1?
3
Calculate 6 + -1 - 1 - (1 - -9).
-6
What is the value of -10 - -14 - (1 + -2 + 3)?
2
What is -3 - (2 - -1 - (36 + -34))?
-4
What is the value of -5 - -1 - (8 - 10)?
-2
11 + -17 - (0 - 3)
-3
Evaluate 12 + (-25 - -10) + -1.
-4
Evaluate -16 + 16 + (0 - 0) - 5.
-5
Evaluate (-3 - (6 - (3 - -3))) + 2.
-1
Evaluate 7 + 11 + -11 + -13.
-6
What is 0 + -3 + 2 - 3?
-4
-3 + 3 - ((1 - -1) + -2)
0
3 + (5 + 6 - 16)
-2
What is the value of -1 - 0 - (17 - 19)?
1
What is -5 + (2 - 2) + (5 - 1)?
-1
Evaluate -1 + -2 - ((-2 - -6) + -3).
-4
What is 2 + 0 + 7 + -5?
4
What is the value of -2 + (-1 + -3 - (-16 - -6))?
4
Evaluate (11 - (4 - 1)) + -5.
3
3 - (6 - 6 - -2)
1
3 + 0 + -3 - -1
1
Calculate -135 + 128 + (14 - -2).
9
What is 7 - (5 + -5) - 3?
4
Calculate -1 - (2 - 0) - (0 - 1).
-2
-2 + 1 + 11 + (-10 - -3)
3
What is -13 + 5 + 12 + 1?
5
What is the value of (3 + -4 - (4 - 8)) + 5?
8
What is the value of 2 + 1 - (-12 + 14)?
1
Calculate -1 + 5 + -28 + 24.
0
What is the value of -1 + (6 - 4) - -2?
3
-6 + (6 - (-5 + (8 - -4)))
-7
1 + -2 + (2 + -3 - -7)
5
Calculate -3 + 1 - (1 - 6).
3
What is -104 + 107 - (-1 - (-2 + -1))?
1
Evaluate -2 + 3 + (5 - 7).
-1
Evaluate -2 - (-4 - -2) - (-18 - -22).
-4
What is -8 - -16 - (20 + -16)?
4
-12 - (8 + -18 - -8) - -3
-7
Evaluate 4 + (-41 - -37) + -1 + 8.
7
6 + 3 + 4 - (1 + 6)
6
Evaluate -6 - (0 + -12 + 6) - 4.
-4
Evaluate 25 + -29 + (-3 - 0 - -1).
-6
What is 8 + -7 - 1 - (0 - -3)?
-3
What is -28 - -34 - (0 - -1) - 6?
-1
Calculate -2 - (4 - 5 - 2).
1
What is the value of -3 + 2 + -1 - (-23 + 14)?
7
Evaluate (-6 - -8) + -7 - 0.
-5
Evaluate 1 - ((6 - 6) + -2).
3
Evaluate (0 - -1) + (-1 + 4 - -1).
5
(-22 - -8) + 2 - -20
8
Evaluate 0 + (-1 + -2 - 1).
-4
Evaluate -10 - (0 + 5 + 5 + -13).
-7
What is the value of -1 + 4 + (1 - 11) - -2?
-5
10 - (-6 + -8 + (-7 - -23))
8
What is the value of (-11 - -8) + -2 + -1 - 1?
-7
Calculate -1 + -3 + 1 - (37 - 35).
-5
What is 2 + 1 + -8 + -6 + 8?
-3
Calculate 0 - (-3 + (0 - (-3 + 1))).
1
Evaluate -7 + -2 + 58 + -47.
2
Calculate 7 - (8 + -6 - (1 + -2)).
4
Evaluate 9 + (2 - (6 - -3)).
2
Calculate (10 - (-14 - -14)) + -14.
-4
What is -2 - (-1 + -1 + 0)?
0
What is the value of -5 + 1 + 3 + 0?
-1
What is the value of 9 + -16 - (-1 - -7) - -5?
-8
0 + (-4 + 8 - 0) + 1
5
What is the value of 25 + -25 - (5 + (0 - 0))?
-5
What is the value of 1 + (-3 + -2 + 13 - 8)?
1
(5 + 7 - 7) + -2
3
Evaluate -11 - -3 - -3 - (-7 + 11).
-9
What is 9 - (-2 + 12 - -8)?
-9
What is the value of 6 + (3 - 12) + (3 - -1)?
1
(-15 + 46 - 10) + -11
10
Evaluate -12 + (8 - 6) + 3.
-7
What is 2 - -1 - 5 - 0?
-2
What is the value of 5 + -8 - (-1 + 1) - -2?
-1
What is -4 + 7 - (-1 + 5)?
-1
What is the value of 3 + -3 + 4 + -5 - 6?
-7
Evaluate 1 + -8 + (-3 - (-9 - 10)).
9
3 + -6 + 14 + -9
2
Calculate -6 + 1 + 1 + 0.
-4
39 + -31 + (1 - 9)
0
Calculate -5 - (1 + 6 + -10 + 2).
-4
What is the value of 2 - (13 + -5 + -5)?
-1
Calculate -4 + (1 - -11 - 8).
0
What is the value of -3 - (-9 - (-2 - 0)) - 4?
0
What is (2 - -1) + 38 + -34?
7
Calculate 4 - (16 + -10 + (-3 - -1)).
0
What is 0 + -6 + 4 - -3 - -4?
5
What is the value of (-2 - (-6 - -1)) + 0?
3
Calculate 0 + (-2 - -6) + 51 + -55.
0
What is the value of -2 + (3 - -2) + -2 + -2?
-1
0 + -2 - (-4 - (-2 - -3))
3
What is (2 - 8 - 2) + 3?
-5
What is the value of -1 + (-4 + 4 - 0)?
-1
0 + 1 + -10 + 8
-1
What is the value of -4 - (-3 + 3) - (-3 - -1)?
-2
-5 + -1 - (17 - 14 - -1)
-10
What is the value of -2 - (-1 + -3 + 2) - 0?
0
Evaluate (-8 - -1) + (78 - 77).
-6
Evaluate 8 + -8 + 4 + (-1 - -1).
4
Calculate (5 - (-7 + 18)) + (1 - 0).
-5
What is (-4 - -4 - 1) + 3?
2
Evaluate -1 - (-1 + (-3 - -2)) - 5.
-4
2 + (1 - 3 - (8 + -3))
-5
Evaluate -5 - (-20 - -7) - 13.
-5
Evaluate -1 + -4 - (-2 + -4 + 2).
-1
What is -29 + (-7 - -15) - -11?
-10
What is -1 - ((48 - 50) + 5 + -1)?
-3
3 - -4 - (-15 - (5 + -18))
9
Calculate 1 - 10 - (28 + -32).
-5
-3 + 3 + 13 + (-1 - 4)
8
Calculate 1 - 3 - (-26 + 28).
-4
What is the value of -65 + 61 - (2 + (-10 - -1))?
3
What is the value of 2 - (9 + -8) - (3 + -1)?
-1
Evaluate (-2 - (-3 + 4) - 1) + -1.
-5
Calculate 11 - ((-3 - 1) + 8).
7
What is -2 + 7 - (-2 + 1)?
6
Evaluate 4 + (-10 - (-2 + -3)) - 6.
-7
What is -6 - (-5 + -6 + 6)?
-1
-61 + 66 + 1 + -1
5
(2 - 5) + (10 - 12) + 6
1
Evaluate 7 - (-4 - -1 - -4 - -1).
5
What is (-1 - 2) + 0 + 1 + 1?
-1
What is 0 - 1 - (-4 - (6 - 14))?
-5
What is the value of 7 + (5 - ((5 - 3) + 2))?
8
What is the value of 1 + -1 - (3 - 12 - -4)?
5
What is -3 - ((2 - -2) + (-13 - -2))?
4
2 - 2 - (6 + -5) - -2
1
Calculate 10 - 15 - (4 - 8).
-1
Evaluate 5 - ((-6 - 2) + 0 + 6).
7
What is the value of (8 - (8 + (-7 - -3))) + 1?
5
1 + -2 + (-2 + 0 - -4)
1
(1 - -1 - (4 + 0)) + 1
-1
Calculate -7 + 15 + -1 - (2 + -5).
10
What is the value of 22 - (14 + (13 - 15))?
10
Evaluate (9 + -7 - (-6 + 2)) + 1.
7
What is the value of (2 - (-1 + (3 - 3))) + -3?
0
(19 - 3) + -3 + -4 + -4
5
Evaluate 8 - (10 + (0 - 7)).
5
Evaluate -11 - (-9 + 0 - 10).
8
Evaluate -5 + 12 + -8 + (-1 - -1).
-1
What is the value of 9 + (5 - 6 - 12) + 6?
2
Evaluate -3 + 7 + 7 + -7.
4
What is 0 + -3 - (-3 - -6 - 2)?
-4
What is -1 + 8 + (-9 - -5) + 2?
5
Calculate 23 + -9 - (18 + 1).
-5
Evaluate 4 + -4 + -6 - -6.
0
2 + (-2 - -1) + -1
0
Calculate 3 + (7 - 13 - -7).
4
(-6 - 0) + (-5 - -6) + 5
0
Evaluate 19 + -21 - (-1 + -2 + 2).
-1
Calculate 5 - (-6 - -8) - -2 - 0.
5
Evaluate -7 + (-3 + 2 - 7) + 7.
-8
Calculate -2 - -1 - (4 + -6 - 4).
5
Calculate (-5 - -4) + -2 + 4.
1
-2 - (-3 - (-4 + 3))
0
Evaluate 2 + 5 + -2 + 4 + -6.
3
Calculate 10 + -13 + 7 - (-1 + 6).
-1
Calculate 7 + -2 + 1 + (-1 - 4).
1
What is -4 - (12 - 9) - -10?
3
Evaluate -2 + 4 - (6 - 1).
-3
Evaluate 3 + -1 + -3 - (1 - 3).
1
Evaluate -10 - (-12 + 0 + -1).
3
4 + -1 + 1 - 2
2
Calculate 29 - 41 - (-2 + (-2 - 2)).
-6
Evaluate -7 - (-6 + (5 - 12)).
6
What is -3 + 2 + -6 + 4?
-3
(1 - 1) + -1 + 2 - 1
0
55 + -56 + 0 + 7
6
Evaluate 2 + 1 - (-9 + 17).
-5
What is (3 - 5 - -4) + 3?
5
What is the value of 9 + 7 + -4 + -15?
-3
What is -2 + (-2 - -4 - 3)?
-3
-4 - (-8 - -3 - 8)
9
Evaluate (-1 - (4 + -3)) + (1 - 1).
-2
Evaluate 1 - 1 - (5 - (9 + -9)).
-5
1 - (1 + -1) - 1
0
What is the value of -16 + 7 + 2 + (-4 - -7)?
-4
What is the value of -3 + 6 + -1 + 4 + -3?
3
Evaluate (5 - 2) + 1 + 1.
5
Calculate -1 - (-4 + 6 - 8) - 6.
-1
Calculate 0 - (-3 - (0 - 9) - 2).
-4
Calculate 1 + (1 - (-1 + -2)) - 3.
2
Evaluate (5 - 3) + 0 - (1 - -8).
-7
What is the value of 27 - 34 - (-5 + 2)?
-4
(-4 - -2) + -1 + 2 - -3
2
Calculate 3 + (-1 - -5) + (-1 - 5).
1
What is -4 - (-3 - (-6 - -5))?
-2
What is the value of 2 + -3 + (7 - 1) + -7?
-2
Calculate (-9 - -4) + (11 - 5) + 0.
1
-4 + (17 - 3) + (-1 - 2)
7
What is (3 - -2) + -2 + -1?
2
13 + -9 + 5 + -4
5
What is 2 + (10 - (16 - 7))?
3
What is (-4 - (-5 + 5)) + 6?
2
Calculate -3 + -2 + (7 - (3 - 1)).
0
Evaluate -7 + (15 - (4 + 5)).
-1
-3 + 3 + (0 - -1) + -4
-3
What is (9 + -7 - 0) + 6?
8
Evaluate (4 - -2) + 0 + -4.
2
Calculate -1 - ((3 - 5) + 6).
-5
Calculate 5 + (-3 + 0 - (0 + -1)).
3
-20 + 14 - (-16 - -4)
6
-6 + (-8 - -13) + -1
-2
Evaluate -19 - -21 - (1 + 4).
-3
Calculate 4 + -5 + (0 - -